 - 7. Let n = z - -3. Let u(v) = v**2 + 2*v + 6. Calculate the remainder when 27 is divided by u(n).
13
Let a(j) = j**3 - 4*j**2 + 6*j - 5. Calculate the remainder when 36 is divided by a(4).
17
Let c = -15 + 29. Suppose 0 = -0*q - q - 2. Let j = q - -10. Calculate the remainder when c is divided by j.
6
Let y(g) = -g + 6. Let r be y(3). Suppose -4*i + 56 = r*t, 0 = -4*t + 2*i + 51 + 9. Calculate the remainder when t is divided by 10.
6
Let c be (-10)/5 - (0 - 3). What is the remainder when 43 is divided by (8 + (4 - 1))/c?
10
What is the remainder when 478/10 - 16/20 is divided by 17?
13
Let p = 10 + -5. Let j(i) = i**3 - 8*i**2 + 7*i. Let q be j(7). What is the remainder when ((q - 2) + -17)*-1 is divided by p?
4
Let z be 5/5 + (-4 - 1). Let u(a) = -a**3 - 5*a**2 - 6*a - 3. Let p(k) = -k**3 + 7*k**2 + k + 1. Calculate the remainder when p(7) is divided by u(z).
3
Suppose 2*b - 4 = -2*b - 2*x, 8 = -4*x. Let g be b + -2 - (-3 + 1). Calculate the remainder when (1/(-1))/(g/(-14)) is divided by 4.
3
Suppose 0 = 4*n - 7*n - 216. Let i = n - -135. What is the remainder when i is divided by 16?
15
Let o be (6/(-4))/((-42)/364). Suppose m + 4 = o. Suppose -6*t + 4*t = q - 37, 4*t = 3*q - 91. Calculate the remainder when q is divided by m.
6
Suppose 3*s = -5*o - 47, o + 4*o = s - 11. Let h(k) = -k**3 - 10*k**2 - 10*k + 13. What is the remainder when 64 is divided by h(s)?
20
Let o(p) = p. Let n(a) = -2*a - 1. Let y(i) = n(i) + o(i). Let f be y(-2). Suppose f = 4*l - 59. Calculate the remainder when 42 is divided by l.
12
Let j(f) = 5*f + 8. Let l be 180/25 + 2/(-10). Let a be j(l). Suppose 3*z = a - 1. What is the remainder when 26 is divided by z?
12
Suppose 5*h = -j + 221, 8*j - 3*j - 93 = -2*h. Suppose 4*u = h + 260. Suppose 5*l - 59 = u. What is the remainder when l is divided by 14?
13
Let j(y) = y**2 - 2. Let d be j(-2). Let a be d*(-2)/(-10)*5. What is the remainder when 17 is divided by a + 0 - 2 - -6?
5
Let l = 18 + -13. What is the remainder when l is divided by 4?
1
Let f = 20 + 8. Suppose -g = -2*j - 38, -178 + f = -5*g + 2*j. What is the remainder when g is divided by 10?
8
Let h = -20 + 9. Let v = 12 + h. What is the remainder when v is divided by 1?
0
Let t(b) = 31*b + 8. Let y(k) = 21*k + 5. Let x(j) = -5*t(j) + 8*y(j). What is the remainder when 51 is divided by x(1)?
12
Let s(o) = -o - 13. Suppose l = -4*h - 0*h + 5, -h - 18 = 3*l. Let m be s(l). What is the remainder when 5 is divided by (-1 + 3)/(m/(-9))?
2
Let v(w) = -3*w + 3. Let m be v(-4). Let t = 24 - m. Suppose 0 = 2*b - t - 7. What is the remainder when 15 is divided by b?
7
Suppose 0 = 2*c + 4*r - 0*r - 30, 5*r - 5 = 4*c. Calculate the remainder when 17 is divided by c.
2
Let g(s) = s**3 + s**2 + s + 16. Calculate the remainder when g(0) is divided by 6.
4
Suppose 2*a - 7 = a. Suppose -2*g + 1 + a = 0. Suppose -2*t + 20 = 2*h, -64 = -3*t - t + g*h. What is the remainder when t is divided by 8?
5
Let t(a) = 0*a + 6 - 4*a**2 + 5*a**2 - 10*a. Calculate the remainder when 17 is divided by t(10).
5
Suppose 2*x + 5*j = x + 38, -5*x - 5*j = -290. Calculate the remainder when x is divided by 16.
15
Let q = -159 + 187. Calculate the remainder when q is divided by 3.
1
Suppose -3*u + 86 - 35 = 4*l, -5*u + 3*l = -114. Suppose 4*o + 1 = u. What is the remainder when 262/14 - (-4)/14 is divided by o?
4
Suppose -p - 12 = -71. Calculate the remainder when p is divided by 12.
11
Let l(i) = -i - 5. Let x be l(-8). Suppose -5*w + 62 = -x*w. Suppose 5 = -g + 4*u + 4, 2*g = -2*u + 28. What is the remainder when w is divided by g?
9
Calculate the remainder when 43 is divided by 58/4 - 1/(-2).
13
What is the remainder when 30 is divided by -3 + 19 + (-2)/(-2)?
13
What is the remainder when 80 is divided by (6 + -3)*(3 + 4)?
17
Calculate the remainder when 27 is divided by 4/(-18) + 1460/90.
11
Let t(m) = -5*m**3 + 2*m + 2. Let w be t(-1). Suppose -4*o = -d, w*o = -d - d + 39. Let v(j) = -11*j. What is the remainder when v(-2) is divided by d?
10
Let p(u) = -u**2 + 34. Let c(s) = -s**3 + 5*s**2 + 6*s + 5. Let g be c(6). Let t = g + -5. What is the remainder when p(t) is divided by 18?
16
Let k = 16 + -9. Calculate the remainder when 23 is divided by k.
2
Suppose 2*m + 3*m = 200. What is the remainder when 77 is divided by m?
37
What is the remainder when -2 - (-23 - 0) - -4 is divided by 13?
12
Let b(l) = l**3 - 4*l**2 - 4*l - 1. Calculate the remainder when b(5) is divided by 0 + 6/(-9)*-3.
0
Let x be (-4)/10 - (-1610)/25. Calculate the remainder when 46 is divided by ((-12)/(-16))/(2/x).
22
Let g = 36 - 26. Let p = 41 + -35. Calculate the remainder when g is divided by p.
4
Let j(c) = 28*c**3 + 2*c**2 - 5*c - 2. Let m(t) = t + 1. Let l(a) = j(a) + 3*m(a). Calculate the remainder when l(1) is divided by 10.
9
Let r(l) be the third derivative of 2*l**5/15 + l**4/24 - l**3/3 + 7*l**2. Calculate the remainder when 20 is divided by r(1).
6
Let p = 0 - -61. Let i = -38 - -54. What is the remainder when p is divided by i?
13
What is the remainder when 23 is divided by (-88)/(-14) + (-30)/105?
5
Suppose -18 = -4*f + 6. Let r(s) = -s + 11. What is the remainder when 8 is divided by r(f)?
3
Let l(b) be the second derivative of 0 - 2*b - 1/12*b**4 - 3/2*b**2 + 2/3*b**3. Calculate the remainder when l(2) is divided by 1.
0
Let y(g) = -g**3 + g - 1. Let v be y(0). Let c(d) = -2*d - 3. Calculate the remainder when 25 - (v - (0 + -2)) is divided by c(-8).
11
Suppose -6*i = -8*i + 18. What is the remainder when 35 is divided by i?
8
Calculate the remainder when (-2)/9 + 310/18 is divided by 7.
3
Suppose -4*l + 0*w - 4*w + 44 = 0, 0 = 4*l - 4*w - 4. Let o(s) = -s**2 + 8*s - 2. Calculate the remainder when o(l) is divided by 6.
4
Let k(y) = 5*y - 7. What is the remainder when k(3) is divided by 3?
2
Suppose -5*f = -5*j, 2*j = -f + j + 8. Let u(y) = 2*y**2 - 1. Calculate the remainder when u(-2) is divided by f.
3
Suppose -9 = -4*m + 3*a, 0 = -6*m + 9*m + 4*a - 13. Calculate the remainder when 6 is divided by m.
0
Let c(t) = -7*t**3 + 6*t + 0 + 1 - 5*t. Let j = 2 - -1. Calculate the remainder when c(-1) is divided by j.
1
Let h(c) = c**3 + 8*c**2 + 4*c - 8. Let q be 32/(-5) - 36/60. Suppose 2*z + 7 = 1, -5*d = -4*z - 257. Calculate the remainder when d is divided by h(q).
10
Let f(h) = h**2 + 4*h + 12. Calculate the remainder when f(-5) is divided by 2*2/(12/15).
2
Let j be (-3 - -1)/(-2) - -1. Suppose -j*k + 65 = 3*k. Calculate the remainder when 24 is divided by k.
11
Let b(a) = 16*a. What is the remainder when b(2) is divided by (-58)/(-6) + 4/(-6)?
5
Suppose -5*r + 5*i = 10, -4*i = -2*i - 8. Suppose 4*d = -w - 22, -22 + 1 = 3*d + 3*w. Let m = -2 - d. What is the remainder when m is divided by r?
1
Let q(f) = -5*f**2 + 2*f + 5. Let s be q(-4). Let i = 135 + s. Let d = 44 + -26. Calculate the remainder when i is divided by d.
16
Calculate the remainder when 21 is divided by (8 + -2)/(2*3/8).
5
Let f(t) = -t**2 - 9*t - 9. Let p be f(-7). Suppose p = -0*d + d. Calculate the remainder when 17 is divided by d.
2
Suppose -4*r - 9 = -l, -1 = 4*r - 5. Suppose -3*s + l = -2*m, 4*m = 2*s - 4*s - 2. Calculate the remainder when (-1 + 2)/((-2)/(-8)) is divided by s.
1
Suppose -r + 177 = -5*o, -5*r = o - 3*r + 31. Let x = 70 + o. Let f = 24 - 12. What is the remainder when x is divided by f?
11
Calculate the remainder when 36 is divided by (-6)/10 - (-232)/20.
3
Suppose -4*j = j + 420. Calculate the remainder when 3 is divided by 1/(-6) + (-182)/j.
1
Let r(z) = z**3 + 8*z**2 - 4*z - 5. Let n be r(-9). Let v = -31 - n. Calculate the remainder when 57*4/6 - 2 is divided by v.
17
Suppose -v = 3*v - 24. Let p be (-4)/v*(-3 - 0). Suppose -p*c = -70 - 58. What is the remainder when c is divided by 22?
20
Let p be (-3 - 1)/(-2 - -3). Let m(o) be the second derivative of -o**5/20 + o**3/3 - 2*o**2 - 2*o. What is the remainder when m(p) is divided by 18?
16
Let t(z) = -2*z - 1. Let x be t(-4). Let f(i) = -8*i - x + 7. What is the remainder when 15 is divided by f(-1)?
7
Suppose d + 2*u + 1 = 0, 0*d - d = -4*u - 17. What is the remainder when 13 is divided by d?
3
Suppose -k - o = -2*k + 10, -o + 2 = 0. What is the remainder when 47 is divided by k?
11
Suppose 3*x + 4*m = m, -4*m = 5*x - 1. Calculate the remainder when 2 is di